07 + f. What are the prime factors of c?
3, 11
Let i(x) = x - 26. Let z be i(24). Let j(t) = -20*t - 14. Let b(w) = 1. Let h(n) = 12*b(n) + j(n). List the prime factors of h(z).
2, 19
Let h(f) = f**3 + 8*f**2 + 3*f + 1. Let w be h(-3). Let y = w - 20. What are the prime factors of y?
17
Suppose 7*o - 3*o = 48. What are the prime factors of 428/o - (-4)/12?
2, 3
Suppose 16 - 4 = 4*y. Suppose 0 = -l - y*l - 4*v + 20, 4*v = 5*l - 7. What are the prime factors of (-2)/(l - (-190)/(-62))?
31
Suppose 2570 = 7*z - 15336. List the prime factors of z.
2, 1279
Let i = 5265 - 2039. List the prime factors of i.
2, 1613
Let f be 3 + 1683/(3/1). Suppose -c - 5*c = -f. What are the prime factors of c?
2, 47
Let w(x) be the first derivative of x**4/4 - 3*x**3 - 7*x**2 - 3*x + 9. What are the prime factors of w(11)?
5, 17
Let r be (1 + (-8)/6)*-6. Suppose 3*b - 4*x - 226 = 0, -4*b + 87 = 2*x - 229. Suppose -r*d - 32 = -3*a + b, a = 5*d + 54. List the prime factors of a.
2, 17
Suppose -3*u + 2*t - 118 = -2*t, -4*u - 174 = -2*t. Let y = u - -79. Suppose j - 26 = -r, 0 = -r - 3*j - 5 + y. List the prime factors of r.
5
Let d(x) = x**3 + 7*x**2 + 7*x - 8. Let n be d(-4). What are the prime factors of 448/n - (-1)/(-3)?
37
Let q = 368 + 96. List the prime factors of q.
2, 29
Suppose -7225 = 718*g - 723*g. List the prime factors of g.
5, 17
List the prime factors of ((-2)/(-2))/1*(81 - -10).
7, 13
Suppose -5*h + 6318 - 1948 = 0. List the prime factors of h.
2, 19, 23
Suppose 0 = 2*y + 41 + 29. Let t be ((-30)/y)/((-2)/(-14)). Suppose -156 = 2*d - t*d. List the prime factors of d.
3, 13
Let u(g) = 64 - 12 - 1 - g. Let d(c) = -9*c + 99. Let h be d(11). List the prime factors of u(h).
3, 17
Suppose 2*a + 2 = -2. Let r be (2/(-5))/(a/(-60)). Let f = r - -30. List the prime factors of f.
2, 3
Let p = 920 - -559. List the prime factors of p.
3, 17, 29
Let l(f) = 10*f**2 + 4*f - 7. Let r be l(-3). Suppose 110 = 5*p - 3*c, -5*p - 4*c + r = -39. List the prime factors of p.
2, 11
Suppose -4*o = -q - 0*q - 5, 2*q + 5*o = 16. Let b be (0/4)/(-2 + q). Suppose b*d - 55 = -5*d. What are the prime factors of d?
11
Let w be (-52)/(2*2/(-8)). Let y be 16/(-12)*30/(-8). Suppose x - y*x = -w. List the prime factors of x.
2, 13
Let d = 2513 + -1675. List the prime factors of d.
2, 419
Suppose 3*j = 5*l - j, 15 = 3*j. Suppose -401 = -5*p + 3*k + 102, k + 408 = l*p. What are the prime factors of p?
103
Let n(j) = 3*j**2 - 8*j + 8. Let f be n(10). What are the prime factors of (-1)/(-3 - (-680)/f)?
3, 19
Let q be (1 - -1)*1 - 2. Suppose 3*r + q*r = 0. Let w(s) = s**3 - s + 12. List the prime factors of w(r).
2, 3
Suppose -2067 = -41*k + 2197. What are the prime factors of k?
2, 13
Let l(p) = 24*p**2 - p + 3. Let h be l(1). List the prime factors of (1215/(-36))/(h/32 + -1).
2, 3, 5
Let r be (-3)/6*(-2 - (-4 + 16)). Suppose -2*b = 5*v - 3*v - 4, -2 = -b. Suppose -2*p + 9 + r = v. List the prime factors of p.
2
Let r(u) = -10*u**3 + 3*u**2 + 5*u. Suppose -2 + 4 = -d. List the prime factors of r(d).
2, 41
Suppose o = -3*h - 68, 0*h - o = 4*h + 89. What are the prime factors of (-1064)/h + 2/(-3)?
2, 5
Let d(n) = -n - 5. Let z be d(-4). Let h(s) = 3*s + 1. Let i be h(z). Let j(q) = -2*q**3 + q - 2. What are the prime factors of j(i)?
2, 3
Suppose -5*q + 7*q = 286. List the prime factors of q.
11, 13
Let d = -8 - -10. Let y(i) = 4*i - 2. Let u(b) = -12*b + 5. Let v(l) = -4*u(l) - 11*y(l). List the prime factors of v(d).
2, 5
Suppose -6*c = 111 - 711. What are the prime factors of c?
2, 5
Let n(f) = f**2 - 16*f + 34. Suppose -4*x + 54 = k, -36 - 28 = -4*x + 4*k. List the prime factors of n(x).
2, 3
Let j(n) = -n**3 + 6*n**2 - 6*n - 5. Let o be j(5). Suppose u = -u + 1044. What are the prime factors of (-4)/o + u/45?
2, 3
Suppose 9*b - 38 = 11*b. Let g = 13 - b. What are the prime factors of g?
2
Suppose -4*c + 1504 = -5*y - 542, 0 = -c + 5*y + 504. What are the prime factors of c?
2, 257
Let v be (-11)/(11/4) + 23. Suppose 2*m + v = l, 5*l - m = 4*m + 75. List the prime factors of l.
11
Let j be 15/(-12) + (-9)/12. Let p be 42/12 - j/(-4). Suppose 58 = 5*n - p*n. What are the prime factors of n?
29
Let l = 449 + 618. List the prime factors of l.
11, 97
Let x be (5/2 - 3)*(-6 - 2). List the prime factors of x/26 + (-13326)/(-78).
3, 19
Suppose 5*m - 60 = -0*m + 2*w, 4*w = 4*m - 36. Let j = 13 - m. List the prime factors of 14 - j - (3 + -6).
2, 3
Let b(t) = 4*t**3 + 2*t**2 - t. Let o be b(1). Let n = o + -4. Let v = n + 3. List the prime factors of v.
2
List the prime factors of 4 + 571 - (2*-8)/(-4).
571
What are the prime factors of 1039 + 19 + -1 + -8?
1049
Let x(a) = -a**2 - 9*a + 14. Let q be (-6)/30 - 98/10. Let c be x(q). Suppose -c*w - 38 - 5 = -v, w - 18 = -v. List the prime factors of v.
23
Suppose 8 = 2*h, 0 = 3*l - 4*l + h - 4. Suppose l = f - 19*f + 900. List the prime factors of f.
2, 5
Let f = -42 - -36. Let x = -38 - -26. List the prime factors of f/x*44*1.
2, 11
List the prime factors of (-1)/(-5) - 9726*(-4)/30.
1297
Suppose 3*y - 8076 = 3*q, 9*y - 5*y + q - 10763 = 0. List the prime factors of y.
3, 13, 23
Let z(l) = 33*l**2 - 8*l - 13. What are the prime factors of z(-5)?
2, 3, 71
Let r be 0 + -3 + 3 + 25. Suppose r = 4*s + 101. Let q = s - -36. List the prime factors of q.
17
Suppose 5*n - 27223 = -2*c, 15*n + 5*c + 16309 = 18*n. List the prime factors of n.
5443
Let j = -1158 - -3350. What are the prime factors of j?
2, 137
Let i(p) = 4*p**2 + 7*p + 1. Let r(j) = 9*j**2 + 14*j + 2. Let y(q) = 5*i(q) - 2*r(q). What are the prime factors of y(6)?
5, 23
Let i = -208 + 223. List the prime factors of i.
3, 5
Let k(b) = 3*b**3 + 3*b**2 + 4*b + 9. What are the prime factors of k(5)?
479
Let h(u) = u**2 - 8*u - 3. Let a be h(9). Let s = 283 + a. What are the prime factors of s?
17
Let f(r) = -r - 15. Let l be f(-12). List the prime factors of 60 - l/6*4.
2, 31
Suppose -80*w + 46*w = -36448. List the prime factors of w.
2, 67
Suppose -4*g + 2556 = 3*t, t - 1264 = -2*g - 4*t. Suppose a - 164 = 3*y, -3*y + g = 4*a - 8*y. List the prime factors of a.
2, 79
Let t = -168 - -176. What are the prime factors of t?
2
Let v = -3145 + 6731. List the prime factors of v.
2, 11, 163
Let r(c) = 9*c**3 - 7*c**2 - 10*c + 4. What are the prime factors of r(8)?
2, 1021
Let m be (-8 - (2 - 0))/(2/(-10)). Let b = m + 25. What are the prime factors of b?
3, 5
Let c = -31 + 58. Let u = 51 + c. Suppose -5*k + 4*z + u = 20, 0 = z - 3. What are the prime factors of k?
2, 7
Suppose -1364 - 624 = -4*i. What are the prime factors of i?
7, 71
Suppose -24*b + 15705 = 21*b. What are the prime factors of b?
349
Suppose -3*a + 3 = 0, 5*a - 3*a = 3*f - 58. What are the prime factors of (-276)/f*(-1 + -4)?
3, 23
What are the prime factors of (3968/(-40))/(2/(-5))?
2, 31
Suppose 4*a + w - 2376 = 2697, -5*w = 2*a - 2541. List the prime factors of a.
2, 317
Let w = -2 + 3. Suppose -w = d - 3*b + 7, -b + 4 = d. List the prime factors of (4 - d) + -4 + 22.
3, 7
Suppose 43*t - 37*t - 2790 = 0. What are the prime factors of t?
3, 5, 31
Suppose 2*h = -6*h - 88. Let s(n) = n**2 + 8*n - 12. List the prime factors of s(h).
3, 7
Suppose 3*d + 3 = -3*b, 4*d + 7 = -13. Suppose 1101 = b*h - w, w = -h + 274 - 0. What are the prime factors of h?
5, 11
Let r = 212 + -29. Let w = r + -26. List the prime factors of w.
157
Let j = 8831 - 6222. List the prime factors of j.
2609
Let v = 41 - 215. Let f = v - -255. What are the prime factors of f?
3
Let v(k) = k**2 + 11*k - 7. Let q be v(-12). Let h(m) = m**3 - 5*m**2 + m - 4. Let x be h(q). List the prime factors of (x - 1) + 28 + 3.
31
Suppose 2 = j - 2. Suppose j*n = 2*n + 40. Suppose -5 = 3*k - n. What are the prime factors of k?
5
Let v(z) = -2*z**2 - 2*z + 10. Let j be v(8). Let y = -229 - -144. Let f = y - j. What are the prime factors of f?
7
Let o = 22 - 22. Suppose 6*f - 3*f - 135 = o. List the prime factors of f.
3, 5
Let w = 19 + -16. Suppose -3*h - 84 = -4*c + 118, 2*c - 110 = -w*h. What are the prime factors of c?
2, 13
Let j be 3 - (-1)/(-3)*3. Suppose n = j - 0. Suppose -5*m - 7 = -2*b, -2*b + 8 = n*m - 6*m. What are the prime factors of b?
2, 3
What are the prime factors of ((-80)/24)/(-10) - 10690/(-6)?
2, 3, 11
Let w(o) = o**3 + 12*o**2 - 6*o + 5. Let i be w(-10). Let